= 82*o + 10. What is the hundreds digit of t(3)?
2
Let x = 270 + -189. What is the tens digit of x?
8
Let b(k) = k**2 - 7*k + 5. Let s be b(6). What is the units digit of 3 + s - (0 + -6)?
8
Suppose 8 = 4*w, 2*t - 5*t = -4*w - 544. What is the units digit of t?
4
Let z(x) = 58*x**3 + x**2 + x - 1. What is the units digit of z(1)?
9
Suppose 3*y = -5*i + 4*y + 13, -3*y - 13 = -2*i. Suppose r + i = 2*r. Suppose 12 = r*k + 2*k. What is the units digit of k?
3
Let a be -1*(0 + 3) + -1. Let r(g) = g**2 - g - 4. What is the tens digit of r(a)?
1
Suppose -40 = -2*s - 2. What is the tens digit of s?
1
Suppose -s = -4*o + 218, -5*o + 4*o - 4*s = -63. Let x = -24 + o. What is the units digit of x?
1
Let r = 60 + -29. What is the tens digit of r?
3
Let z(x) = x**3 + 4*x**2 - 5*x + 2. Let u be z(-5). Let o(p) = 3*p**3 - 2*p**2 - p - 1. What is the tens digit of o(u)?
1
Suppose 3*m + 6 = 5*m. Suppose 0 = -m*w + w. Suppose n = -2*n - 2*l + 23, -3*n - l + 22 = w. What is the units digit of n?
7
Let k(r) be the third derivative of 0*r + 1/4*r**4 + 0 + r**2 + 1/60*r**5 + r**3. What is the units digit of k(-5)?
1
Suppose 2*p + 6 + 0 = 0. Let y = p + 4. What is the units digit of y?
1
Let x = -3 - -4. Let t be 9/7 + 2/(-7). What is the units digit of x/(t + (-6)/7)?
7
Let w = 53 - 37. What is the tens digit of w?
1
Let i(r) = r**3 + 10*r**2 + 8*r - 11. Let o be i(-9). What is the tens digit of (24/(-36))/(o/93)?
3
Suppose 5 = -2*v + 3*c - 9, -4*c = -2*v - 16. What is the units digit of 22 - (0 - v - 5)?
3
Let m be (0 + 2/2)*2. Let a(y) = y - 1. Let k be a(3). Suppose k*x - m = -0*x. What is the units digit of x?
1
Let k be (-80)/8*2/(-4). Suppose k*o - 9*o = -144. What is the units digit of o?
6
Let g be (-2)/(-13) - (-216)/117. Suppose -19 = g*l - 53. What is the tens digit of l?
1
Let x = 606 - 379. What is the units digit of x?
7
Suppose -7 = -3*q + 5*r + 35, -2*q + 2*r + 28 = 0. Let f = 78 - q. Suppose -3*y + f = -d + 2*d, 5*y - 106 = -d. What is the tens digit of y?
2
Let n be -2*1*(-6)/4. Suppose 17 = 5*j + 3*h - 8, 21 = n*j + 3*h. What is the units digit of (10 - (2 - j))/2?
5
What is the hundreds digit of (-194)/((-5)/(20/4))?
1
What is the tens digit of 6/51 - 508/(-17)?
3
Suppose -2*z - 155 = -4*u + 163, -3*u + 236 = -z. Let r = u - 23. What is the units digit of r?
4
Suppose 0 = -13*h + 9*h + 44. What is the units digit of h?
1
Let x be (1 + 0)/(-1) + -1. Let z(n) = n - 13. Let y be z(0). What is the tens digit of (y/x)/(2/4)?
1
Suppose 4*q = -3*p + 525, 4*p + 0*p + 5*q = 701. What is the hundreds digit of p?
1
Suppose 3*d = a - 2, 0 = 5*d - 4*a - 0*a + 8. Suppose -5*u + 2*o + 32 = d, 2*u + 2*o + 8 = 4*u. What is the units digit of u?
8
Let t = 2 + -2. Suppose 4*q + 0*q - 60 = t. What is the tens digit of q?
1
Let k = -24 + 14. Let h = k - -18. Suppose h + 17 = 5*o. What is the units digit of o?
5
Let h(l) be the second derivative of 5*l**3/6 - 7*l**2/2 + 3*l. What is the units digit of h(6)?
3
Let o(v) = v - 1. Let u be o(7). Suppose p - u*p - 2*q = -165, -p + 33 = -5*q. Let k = p + -20. What is the units digit of k?
3
Let q(y) = -y - 13. Let d(m) = -m. Let z(i) = 4*d(i) + q(i). Let t be z(-9). What is the units digit of (-8)/t + 18/8?
2
What is the units digit of 3/(((-84)/(-8))/7)?
2
Suppose -505 = -13*d + 8*d. What is the tens digit of d?
0
What is the units digit of (-755)/(-7) - (-2)/14?
8
Let b = -56 + 125. What is the tens digit of b?
6
Suppose -2*j + 7*r = 2*r - 169, 0 = -4*r + 20. What is the tens digit of j?
9
Let w = 52 - 27. What is the tens digit of w?
2
Let f = 10 + -4. What is the tens digit of 8/f*81/6?
1
Let l = -31 - -58. What is the tens digit of l?
2
Suppose 3 = -3*l - 3*r + 15, 5*l + r - 20 = 0. Let z = 2 + l. What is the units digit of z?
6
Suppose 3*c + 91 = -4*f - 44, -5*f - 5*c - 165 = 0. Let v be (-4)/(-18) - (-8)/f. Suppose v = 5*g + 2 - 12. What is the units digit of g?
2
Suppose 0 = n - 2*n + 119. What is the hundreds digit of n?
1
Suppose -h = -4*y + 441, -5*y + 2*h + 540 = 3*h. What is the units digit of y?
9
Suppose 3*x = -5*s + 22, 2*x - 12 = -3*s - x. Suppose -s*r + 30 = -25. What is the tens digit of r?
1
Let y = -11 + 6. Let h = y - 10. Let m = 24 + h. What is the units digit of m?
9
What is the units digit of (1/((-3)/(-3)))/(1/7)?
7
Let d = -12 + 16. What is the units digit of d?
4
Suppose 2*h - 278 = 404. What is the tens digit of h?
4
What is the tens digit of 662/5 - (-4)/(-10)?
3
Suppose -6*t = -2*t - 36. What is the units digit of t?
9
Let d be (-1)/(0 + (-3)/15). Suppose 3*a = d*j + a - 29, -2*j = -4*a - 18. Suppose 2*i + 3*o + 27 = j*i, 4*o + 23 = 3*i. What is the tens digit of i?
1
What is the tens digit of 16/12 + 393/9?
4
Suppose 12*d = 9*d + 129. What is the tens digit of d?
4
Suppose -3*v + 25 = 2*v. Suppose i - 3*q - 18 = 0, -v*i + 17 + 17 = -q. What is the units digit of i?
6
Suppose f = -2*f + 168. What is the tens digit of f?
5
Suppose -4*n = 2*m - 42, -4*m + 12 = n - 2*m. What is the tens digit of n?
1
Suppose 3*n - 2*n - 26 = -a, 0 = 5*a - 4*n - 166. Suppose -v + a = -4*v. What is the units digit of 2/v + (-26)/(-5)?
5
Let i(y) = y**2 + 8*y - 10. What is the units digit of i(-13)?
5
Let m(d) = -d**3 - 6*d**2 + 7*d - 3. Let c be m(-7). Let y(j) = -2*j + 3. What is the units digit of y(c)?
9
Let n(h) = h**2 - h - 2. Let t be n(3). Suppose t*k - 3*z - 2 = 24, 2*z - 28 = -3*k. What is the units digit of k?
8
Let q(b) = -b + 16. Let a be q(8). Suppose 5 - a = -d. What is the units digit of d?
3
Suppose -2*s - 18 - 36 = 0. Let f = 52 + s. Suppose -10*t = -5*t - f. What is the units digit of t?
5
Let i be 12/(-8)*(-52)/3. Let p = 41 - i. Suppose 2*j - 25 = -j + z, -z + p = 2*j. What is the units digit of j?
8
Suppose 3*s = -5*p - 0*s + 92, 3*s + 52 = 4*p. Suppose 5*c + p - 81 = -j, 4*j - 8 = c. Let g = -10 + c. What is the units digit of g?
2
What is the units digit of 68/6 - 7/21?
1
Suppose 10*a - 5*a - 5*i = 310, 241 = 4*a + 3*i. What is the tens digit of a?
6
Suppose -i = 5*t - 113, t - 4 = 3*i + 9. What is the tens digit of t?
2
Suppose -1 + 3 = -2*p. Let y(h) = 4*h**2. Let z be y(p). Suppose -z*d - d = -25. What is the units digit of d?
5
Let a = 5 + -4. Let o = 3 + a. What is the units digit of o?
4
Let v(h) = -4*h + 6*h**2 + 1 - h**3 + 2*h**3 - 5*h**2. Let n be v(4). What is the units digit of 1160/n - (-2)/13?
8
Let t = -9 + 5. Let c(r) = -2*r**2 + r**3 + 0*r + 7*r**2 - 4 + 2*r. What is the units digit of c(t)?
4
Let m = 27 + -33. Let o(l) = l - 2. Let b be o(3). What is the units digit of 2/b*(-39)/m?
3
Suppose 0*j + j = 15. Suppose 0 = -3*h - 2*h + 3*r + 100, -3*r - j = 0. What is the units digit of h?
7
Let i(u) = -2*u**3 - 3*u**2 - 3*u - 4. Let d = 4 + -7. Let s be i(d). Suppose 13 = -0*g + 3*g - c, 4*g - 5*c = s. What is the units digit of g?
3
Suppose -272 = -5*o - 4*j, -o + 5*j = -8 - 29. What is the units digit of o?
2
What is the tens digit of (-3)/((-3)/2) + 52?
5
Let s be (14/21)/((-2)/(-138)). Suppose 3*u + s = 5*u. What is the tens digit of u?
2
Let h = -4 + -23. Let d be 75/h - (-4)/(-18). What is the units digit of (-2)/3 - 32/d?
0
Let c be 20/(-5)*(-1 + 0). Suppose k + c*k + 3*v = 23, -4*k = 3*v - 19. Suppose -2 = -3*p + 1, k*p = -4*t + 52. What is the units digit of t?
2
Let s(n) = n**2 - 6*n + 3. Let x be s(5). What is the units digit of 2*6*x/(-4)?
6
Let g be 4/40*12*-5. Let h(d) = -d**3 + 3*d**2 - 5*d. Let s(w) = -3*w**3 + 5*w**2 - 10*w + 1. Let q(p) = -5*h(p) + 2*s(p). What is the units digit of q(g)?
8
Let m(z) = 3*z - 8. Let s be m(-9). What is the units digit of 4/(-14) - 115/s?
3
Let k(x) = x**2 - 7*x + 5. Let l be k(7). Suppose -4*j - j + l = 0. Suppose -2*b + 5 = -j, 3*b - 29 = -4*a. What is the units digit of a?
5
Let j(k) = 5*k - k - 2*k. What is the units digit of j(6)?
2
Suppose 252 = -0*q + 2*q - l, -4*q = 3*l - 494. What is the tens digit of q?
2
Let a = -37 - -112. What is the tens digit of a?
7
Let w be 42/(-4)*32/(-24). Suppose 5*p = 4*p + w. What is the tens digit of p?
1
Suppose 6 - 1 = g. Suppose 3*v = 4*f - f + 36, -g*v + 72 = -2*f. Suppose -l - 5 = -v. What is the tens digit of l?
1
Let a be 0 - 2/(6/(-27)). Let m be 60/a + (-2)/3. Suppose 4*r = d + 29, -m*r = -r + d - 25. What is the units digit of r?
6
Let g = 32 - -411. What is the hundreds digit 